?
4
What is the units digit of -5 + 3542 + 16/56*-7?
5
Suppose 0 = -2*d + a - 5619, 6*a - 10*a + 8431 = -3*d. Let h = d + 4473. What is the units digit of h?
4
Suppose 0 = 10*q - 2*q - 44304. Suppose q = 7*t + 19*t. What is the units digit of t?
3
Let f(a) = -82*a**3 - 13*a**2 + 5*a + 59. Let q(d) = -20*d**3 - 3*d**2 + d + 15. Let b(y) = 2*f(y) - 9*q(y). What is the hundreds digit of b(3)?
4
Suppose -59*n + 29*n + 132630 = 0. What is the thousands digit of n?
4
Suppose -5*y + 2*v = -3*v - 35, y + 5*v = 31. Suppose y*i - i = 80. What is the units digit of i?
8
Let i(g) = -g - 18. Let x(h) = -h**3 + 9*h**2 + 21*h. Let s be x(11). Let v be i(s). What is the units digit of (2 + -3)/(v/119)?
7
Let z = 3 + -3. Let o(c) = -3*c - 19. Let k be o(-7). Suppose z*y - 765 = -4*g + 3*y, -3*y - 375 = -k*g. What is the hundreds digit of g?
1
Suppose 4*p = 101 - 45. Suppose p*u - 1176 = 11*u. What is the hundreds digit of u?
3
Let u = -85 + 85. Suppose 4*i - 1174 = -c, -4*i - 7*c + 5*c + 1176 = u. What is the hundreds digit of i?
2
Suppose -5*s - 2*b = -7769, -s = 11*b - 14*b - 1564. What is the hundreds digit of s?
5
Let j = -1206 - -651. Let n = 1152 + j. What is the tens digit of n?
9
Suppose -11*t + t - 6130 = 0. Let y = t + 889. What is the units digit of y?
6
Suppose 2*l = -2*y, y = 2*l + l + 20. Let h(r) = 14*r**2 + 12*r - 6. What is the units digit of h(y)?
4
Let a be 3*(1 + -2 + 2) - -2. Suppose 0*x + 56 = -x - a*h, 4 = -h. Let u = 156 + x. What is the units digit of u?
0
Let h = 57 - 55. Let z = 1 + h. Suppose -z*u - 5*u = -1408. What is the units digit of u?
6
Let t(s) = 216*s**2 - 238*s + 2134. What is the hundreds digit of t(9)?
4
Let a(s) = 113*s**2 + 13*s - 232. What is the units digit of a(20)?
8
Suppose u - 3 = 1, u = -4*a - 60196. Let h be 3/(-8) - a/112. Let j = -53 + h. What is the units digit of j?
1
Let f = 182400 + -103785. What is the units digit of f?
5
Let r be 1602/30 + 6/10. Let j = r + -42. Suppose -1 = 5*z - 4*y - j, 3*y = z. What is the units digit of z?
3
Let l(i) = 16*i**3 + i**2 - 42*i + 46. What is the thousands digit of l(5)?
1
Let k be 4/8*(-369 + 3). Let t = 263 + k. Suppose -5*d + t = -245. What is the tens digit of d?
6
What is the thousands digit of (-123208)/(-12) + 184/69?
0
Let a = 9253 - 2791. What is the units digit of a?
2
What is the tens digit of (-12)/4 + 822/8*76?
0
What is the tens digit of 3 - ((-34370)/40 + -1)*8?
8
Let j be (9/18)/((-2)/(-588)). Suppose -9*z + j = -6*z. What is the tens digit of (-14)/z + 247/7?
3
Let b(r) = -2*r**3 + 62*r**2 - 90*r - 133. What is the hundreds digit of b(24)?
7
Let c(i) = 209*i + 5569. What is the units digit of c(90)?
9
Suppose -13507 = -3*p - 4*s + 84207, -5*s - 97678 = -3*p. What is the ten thousands digit of p?
3
Suppose -11952 = 2*h - 3*f + 3014, -h - 5*f = 7483. What is the thousands digit of 8/((-112)/h)*2?
1
Let t be -4 + (-570)/(-9)*(24 + -3). Suppose 0 = 3*i - 7*i + 2*o + t, 4*i - 1332 = 4*o. What is the units digit of i?
0
Let v = 1885 + 21281. What is the thousands digit of v?
3
Let x(k) = 251*k**2 - 77*k + 45. What is the thousands digit of x(8)?
5
Let k = -25 + 57. Suppose 28 - k = -2*j. Suppose -t - 93 = -5*s, 0 = j*s - 5*s - 4*t + 42. What is the units digit of s?
8
Suppose 55*d = 129*d - 1705478. What is the thousands digit of d?
3
Let c = 54 + -42. Suppose c*b = -26 - 946. Let s = b + 120. What is the tens digit of s?
3
Let y = -1018 - -1534. What is the tens digit of y?
1
Let b = -545 - -652. Suppose -3*v + b + 1579 = 0. What is the units digit of v?
2
Suppose 5595 = -12*t + 27*t. Let q = 766 - t. What is the units digit of q?
3
Let s(r) = 26*r**3 + 3*r**2 + 5*r - 16. What is the units digit of s(2)?
4
Suppose 0 = 3*w - 3*t - 3672, 0 = 5*w - 6*w - t + 1228. What is the tens digit of w?
2
Let p(q) = q**2 + 14*q + 67. Let t = 740 - 725. What is the tens digit of p(t)?
0
Let y(k) = -k + 7. Let o be 411/27 + 0 + (-12)/54. Let l be y(o). What is the units digit of (-8)/20*610/l*2?
1
Let v(l) = -2*l + 3. Let c be v(0). Suppose c*w + 6 - 15 = 0. What is the tens digit of (4/8)/(w/504)?
8
Suppose 0 = 3536*g - 3545*g + 195912. What is the thousands digit of g?
1
Let d = -22 - -24. Suppose d*w = -2*w + 5*p - 60, 4*w + 3*p = -28. Let o = -4 - w. What is the units digit of o?
6
What is the hundreds digit of 92*119/(-136)*(-96)/1?
7
Suppose -5*b = -n + 9003, -36035 = -4*n - 2*b - b. Let q be (-2)/(-7) + 2 + n/28. Suppose -34 = 5*l - q. What is the tens digit of l?
5
Let x = 386 - 384. Suppose 2*p = x*n - 2758, -5*n + 2385 = 4*p - 4555. What is the units digit of n?
4
Suppose -336 = -147*u + 163*u. What is the tens digit of (-10)/(-50) + u/5 + 1911?
0
What is the tens digit of -3175*37*24/(-72) - (-4)/(-12)?
5
Let f = 14355 - 10433. What is the hundreds digit of f?
9
What is the tens digit of 2/(-10)*-15 + -114459*1/(-3)?
5
What is the hundreds digit of 2988*((-4)/(-30) + 39/45)?
9
Let v(w) = 72*w. Let z(h) = -h. Let d(u) = v(u) + 48*z(u). Let g be d(1). Let x = 30 - g. What is the units digit of x?
6
Suppose -w - 4 = 0, 27*a = 25*a - 2*w + 30. Suppose 0 = a*y - 8311 - 14850. What is the hundreds digit of y?
2
Let t(j) = -4 + 75*j + 216*j - j + 124*j. Let g be t(2). What is the units digit of ((-1)/2)/((-4)/g)?
3
Suppose -748 = -5*k - 4*h + 2403, 1266 = 2*k - 4*h. Suppose -2*c = 3*j - k, -5*c = -j - 2236 + 633. What is the units digit of c?
0
Let l be ((-2)/(-42)*7)/(1/6). Suppose 5*m + 0*r - 1039 = -l*r, -4*r + 215 = m. What is the hundreds digit of m?
2
Let x(p) = 4*p**3 + 19*p**2 + 5*p - 35. What is the thousands digit of x(14)?
4
Suppose 4*j - 3562 = -2*u, -1795 = -u + 2*j + 3*j. Let c = u + -1120. What is the hundreds digit of c?
6
Suppose 135*n - 9034413 = -2134563. What is the thousands digit of n?
1
Suppose 3*o - 9143 = -4*f, -3*f - 4579 = -5*f - 3*o. What is the thousands digit of f?
2
Let u be -4 + (-338)/2 - 0. What is the tens digit of (-68)/136 - u/(-2)*-7?
0
Suppose -s = -3*m + 5*m - 5, 4*m = -s + 13. Let v(b) = 4*b + 31 - 2*b - 4*b + m*b. What is the units digit of v(-10)?
1
Let u(p) = 4432*p - 816. What is the thousands digit of u(12)?
2
Suppose 3*b = -3*s + 15201, -3*b - 25351 = -8*b + 3*s. What is the tens digit of b?
6
Let f = 8299 + -6983. What is the thousands digit of f?
1
Suppose 3*f = 0, 4*k - 19 - 17 = -2*f. Let n be (49 + 2)/(2/(-22)). What is the hundreds digit of (n/9)/((-3)/k)?
1
Suppose 7*m - 7860 = 10550. Let v = -1815 + m. Suppose 0 = 3*p - 8*p + v. What is the tens digit of p?
6
Let u = 5 - 0. Suppose 0 = u*d - 10*d. Let f(s) = -s**3 - s**2 - s + 68. What is the units digit of f(d)?
8
Let w(y) = 1896*y**2 - 63*y + 41. What is the ten thousands digit of w(7)?
9
Suppose -p = r + 376, -r = -4*p + 3*r - 1520. Let j = 683 + p. What is the units digit of j?
5
Let s be (28/49)/(4/(-14)). What is the tens digit of (((-3542)/(-4))/(-7) - 4)*s?
6
Let j(f) = 3*f**2 + 2*f - 1. Let l be j(1). Let v be (-2)/((-5)/(6 + l)). Suppose -1 + v = -u, -16 = -y - 2*u. What is the tens digit of y?
2
Suppose -20*h + 5 = -19*h. Suppose 0 = -4*v + 5*g + 2600, -h*v + 1199 = -4*g - 2042. What is the hundreds digit of v?
6
Let l = -3918 - -2046. Let f = 3235 + l. What is the hundreds digit of f?
3
Suppose 0 = 7*p + 13*p - 208429 - 32771. What is the ten thousands digit of p?
1
Let u(l) = 7*l**3 + 2*l**2 + 5*l - 48. Let z be u(6). Suppose 18*q = 27*q - z. What is the tens digit of q?
7
Suppose 8*j = -1095 - 2185. Suppose 3*w + 4*d + 754 = 0, -1218 = 5*w - 6*d + 3*d. Let z = w - j. What is the units digit of z?
4
Let d = 51 + -73. Let m(c) = -c**2 - 24*c - 29. Let i be m(d). Suppose 17*k - i*k - 66 = 0. What is the tens digit of k?
3
Suppose 5*d - 20415 = 2*y, 3*d - 4*y = 1602 + 10633. What is the tens digit of d?
8
Let c = -205 - -6. Let y = c - -546. What is the units digit of y?
7
Let m = -7472 - -9711. What is the tens digit of m?
3
Let j = 892 + -888. Suppose -15 = -3*d, -3*d + 0*d - 865 = -j*f. What is the hundreds digit of f?
2
Let g = -43 - -216. Suppose -g*p = -170*p - 438. What is the hundreds digit of p?
1
Let q(n) = -49*n**2 - 31*n - 8. Let f be q(4). Let a = -231 - f. What is the units digit of a?
5
Let z be (-2 - -1)*(-1 - -1) + 9. Suppose -4*l + z = -3. Suppose 3*f + 2*f = -2*y + 169, 5*f = -l*y + 246. What is the tens digit of y?
7
Suppose 2*v - 